-50
-77
What is the value of -29 - -5 - (29 - (80 - 39))?
-12
Evaluate 13 + (1 + -11 - -10) + 1 + 3.
17
Evaluate (-1 - (6 - (69 + 4 - -6))) + -18.
54
Evaluate (16 + -9 - (6 + -19)) + -9.
11
Evaluate -2 - 28 - (96 - (25 - -76)).
-25
(-601 - -504) + (2 - -106)
11
Calculate (-191 - -262) + (-5 - 216).
-150
What is the value of 57 - 0 - (-8 - -39 - 15 - (30 + -6))?
65
Evaluate (225 - 218) + (1 - 22) - 10.
-24
What is the value of -2 + 634 + -647 + 21 + -1 - -30?
35
What is 26 - -6 - (19 + -46 + 32)?
27
What is 110 + -1 - (3 - ((-3 - (-10 - 11)) + -26))?
98
What is the value of (8 - (38 + (6 - 30))) + -25?
-31
Calculate 4 + (-13 - -15) + -9 + -4 + (-4 - 5).
-16
What is -10 + 7 + 3 - 0 - -6 - -6?
12
What is (-48 - (8 + -63) - (1 + 2 - -1)) + 11?
14
-2 - -90 - (2525 - 2431)
-6
Evaluate -1 - -26 - (-57 - (79 - 191)).
-30
-227 + 178 - (5 - 85)
31
Calculate (0 - (-45 + 15)) + -32.
-2
Evaluate 9 + (15 - (-30 - -13)).
41
What is the value of 66 - (-3 - (1 + 3 + 13 + -18) - 8)?
76
What is the value of (-52 - -44) + -42 + 1 + (-1 - -4) + -9?
-55
What is the value of -2 - (-2 + 0) - (96 + -49 + -29)?
-18
Calculate 13 - (3 + (-3 - 27) + (34 - (-13 + 36))).
29
What is the value of (-1 + 113 - -3) + 3 - (26 + -26) - -4?
122
4 + (15 - (21 + 3 + -13 + -10)) + -6
12
0 - (2 + 53 + 35 + -37) - -7 - -2
-44
What is (64 - 129 - -106) + -16?
25
Calculate -13 - (308 + -310 + (12 - 0)).
-23
What is 19 - (-18 + (-18 - -68)) - -8?
-5
Calculate 21 - -2 - (124 + 137 + -190).
-48
Calculate 1 + -37 - ((-25 - -32 - -5) + (0 - 10)).
-38
Calculate 12 - (-3 + -7 + 38) - -85.
69
-13 - (-76 + 37 - 113)
139
Calculate 19 + 32 + (-13 + -14 - -15) + -68.
-29
Calculate (11 - 39) + (108 - 107).
-27
What is 7 + -9 + 35 + (-218 - -200)?
15
-1 - -51 - 1 - (-15483 + 15470)
62
Calculate -15 - (1 + -13 - -11) - 45.
-59
(20 + -92 + -17 + -16 - -10) + 17
-78
Evaluate (38 - 10 - (-15 - -27) - -23) + 6.
45
What is the value of (-9 + -16 - (-15 - -1)) + 7 + -50?
-54
Calculate -124 - (167 + -303) - (-1 + -12).
25
What is the value of 48 + -14 - (10 + (-5 - 2) + (8 - 0))?
23
Evaluate -3 - -1 - (-18 - 0) - (-216 - -328).
-96
8 + (-3 - -1) + (-71 - -42 - -12)
-11
Calculate 35 + (-26 - (42 - (-1 - -36))).
2
Calculate 23 + 14 + -48 - -41.
30
What is the value of (1 - -43 - (-2 + 0)) + -364 + 371?
53
(13 - 41) + 15 + 47 + -23
11
What is (-3 - -29) + (-44 - 1) + 25?
6
5 + (0 - -13) + 273 + -288
3
What is -266 - (-126 - (-8 + 29))?
-119
What is the value of -27 + (65 - (16 - -34))?
-12
Calculate 251 - (-106 + 312 - 85).
130
Evaluate 111 + -152 + (6 - (-4 - 9)).
-22
6 - (-12 + (34 - 27) - -16)
-5
What is -65 - -52 - (-9 + 5 + -10)?
1
What is (-20 - (-1 - 2)) + -2532 + 2643?
94
What is (-49 - -48) + 15 + (-135 - (-8 + 4) - -3)?
-114
Calculate 39 + (-35 - 48 - -26) - 57.
-75
(-12 - 4) + (-50 + -51 + 194 - (-1 - 2))
80
Calculate (2 + 45 - 44) + -16.
-13
What is 34 + -28 + -16 + -12 - 9?
-31
What is the value of -254 + 139 + (8 - -14)?
-93
What is the value of -173 + -48 + 48 - -103?
-70
(18 - (-40 - (-6 + 6))) + -31
27
What is the value of -12 + (-14 - -12) - -13 - -7 - 3?
3
Calculate 19 - (-63 + 135 - (2 + -2 + 4)).
-49
What is -1 + (-12 - -12 - -24) + 0?
23
-6 + -11 + (-490 - -492)
-15
Evaluate (1 - 4) + 69 + -1 - (981 + -976).
60
(36 - (42 - -9)) + -22
-37
Evaluate 333 + -316 - (40 + 4).
-27
What is 22 + -30 + 20 + (0 - (1 - 4 - -1))?
14
-132 + 12 + 59 + 71
10
Calculate (196 - (27 - -59)) + -32.
78
What is -7 - -10 - -5 - 10?
-2
-21 + 49 + -8 + -21 - (-31 - -11)
19
What is the value of 20 + (40 + -23 - ((11 - 15) + 12))?
29
-34 + (-38 - -28) + (20 - 9)
-33
174 + -141 - (-44 + 125)
-48
What is 6 - (-10 - (40 + 6 - -7)) - (-4 - -2)?
71
What is the value of 83 + -200 - (1 + -98)?
-20
((-29 - -13) + 27 - (-1 - -22)) + (-67 - -8)
-69
Evaluate (25 - 0) + -1 - (437 + -441).
28
What is the value of 17 - (29 + -36 - (-4 + 11))?
31
What is the value of (28 - -190) + -254 + (0 - 14)?
-50
What is the value of 29 + 14 + (-21 - 14)?
8
-65 - (-1 + (8 - (3 + -5) - 24) - -4)
-54
What is the value of -95 + 113 - (-17 - (27 - 8))?
54
0 + (-5 + 23 - (5 - (13 + -17)))
9
What is the value of 53 - (19 + (-4 - -19) - 22 - 6)?
47
Evaluate -10 + 6 + 9 + -11 + (133 - 1).
126
63 + -24 + -7 + -3 + 43
72
What is the value of 19 + (33 - 16) + -32 + 68 + -1 + -3?
68
Calculate -11 + 15 - ((-40 - 19) + 9).
54
What is the value of 142 + (-138 - 0) - 58?
-54
Calculate -6 - -4 - (-60 + 26 - (4 + 4)).
40
Evaluate 26 + 6 + -2 + 0 + 26.
56
What is the value of 54 + -32 + 54 + -77?
-1
Calculate 60 - ((-58 - -87) + 50).
-19
Evaluate 28 + -16 + 11 - (-23 - 6).
52
Calculate -7 - -21 - -22 - (15 + 8).
13
What is 43 - (-8 - (28 - 17 - -8))?
70
Evaluate (3 - 85) + (-286 - -333).
-35
What is the value of (-52 - -52) + (29 - (2 + 5)) - 17?
5
Calculate -37 - (-12 - (-1824 + 1824 - (0 + (0 - -2)))).
-27
What is the value of -16 - (-631 + 534 + (1 - (3 - 20)))?
63
0 - (26 + (-27 - 6)) - (-1 + (-38 - 1))
47
0 - 32 - (2 + 0) - (10977 + -10969)
-42
78 + (55 - 83 - 0)
50
-39 - -4 - (-424 + 373)
16
What is -148 + (47 - -29) - -12?
-60
Calculate 58 - (45 + -32 + (2 - 1)) - (-6 - 0).
50
What is 2 + 7 + -33 + 16?
-8
-2 - 3 - (33 - -5 - 6)
-37
Calculate 105 + 38 + -169 + 36.
10
What is -20 + -11 + 21 - -42?
32
What is the value of -2 + -25 - ((-10 - 19) + 13 - -2)?
-13
What is 32 + 8 + 1 + 10 + (37 - 42)?
46
24 + 61 + -11 + -53
21
Calculate -14 - (498 + -502 + (-63 - 2 - 1)).
56
0 + (36 - (-268 + 277 - (18 + 1 + -1)))
45
Calculate (17 - (-12 - (-17 - 27))) + 3 + 3 - -71.
62
Calculate -1594 + 1558 - (0 - -3).
-39
Evaluate (1 + 1 - -1) + -6 + (-180 - -137).
-46
What is 0 + 35 + 2907 + -2941?
1
What is the value of 5 + 4 + 23 + -36 + 12 + 2?
10
(0 - 37) + (-1242 - -1301)
22
Calculate 0 + -49 + -2912 + 2906.
-55
Evaluate 41 - 1 - ((107 + -106 - (11 + -1)) + 8).
41
Calculate -340 - -343 - (-8 + -25).
36
What is the value of (7 - -15) + -12 - -43 - ((4 - 12) + -8)?
69
What is -100 - (102 + -180 - -35)?
-57
What is the value of 49 + (4 - 6) + (-2 - -9 - 6 - -5)?
53
Calculate (45 - 59 - -27) + (-3 - (-9 - -3)).
16
-18 - -1 - (21 - (107 + (20 - 23)))
66
What is the value of -2 + (23 - -17) - (4 - (-2 + 11))?
43
Calculate 137 + 5 - (4 + (-2 - (-4 + -7)) + -3).
132
Calculate -1 + 2 - (941 - 894).
-46
6 + (-30 - -56 - (7 + 2))
23
Calculate 0 + 4 + (-8 + 100 + -4 + -25 - -27).
94
Evaluate -136 + 223 + -81 - 61.
-55
Evaluate -81 - (-21 + -1 + -124).
65
What is the value of -43 + (64 - 32) - -5 - (44 + 1)?
-51
What is -1 + -3 + 10 - ((-21 - -6) + 62)?
-41
Evaluate ((16 - (3 + 2)) + 2 - 1) + 13.
25
Evaluate -36 - (16 - 44) - (-68 + 6).
54
What is the value of 779 + -762 + (-7 - (6 + -2))?
6
-14 + 204 + -222 + (5 - 0)
-27
6 + (9 - 5) - 21 - (9 - 4) - -93
77
What is the value of 19 + 6 + -88 + 11 + 29?
-23
What is -15 + -50 + 7 + (0 - -5)?
-53
What is the value of 59 + -1 - -2 - (-43 + -13 + 58)?
58
What is -4 - -2 - (-6 + (5 - 5) + (-12 - -53))?
-37
Calculate 78 + -28 - (-32 + 11 + 1).
70
(15 - (4 + 12)) + 3 + (8 + -2 - 42)
-34
What is 0 + 10 + (-7 - (-30 - -8 - -12)) + 86?
99
Evaluate 77 - ((1 - -4 - 6) + -73 + 70).
81
(263 + -183 - 64) + (-143 - (-1 + 0)) + 9
-117
5 + -64 + (6 + (2 - (-3 + -1)) - 3)
-50
Calculate (-46 - (-41 - -13)) + (0 - -7) - -4.
-7
What is the value of -177 - (-33 + -75 - 5)?
-64
Evaluate (8 - (-9 + 19 - (83 + -2))) + (-40 - -44).
83
Evaluate 59 - 0 - (-6669 - -6780).
-52
What is the value of 7 + (-7 - (6 + -18 + 8) - -17)?
21
Calculate 4 + 1 + -3 + -47 + (-8 - -1).
-52
Calculate -13 - (-23 + -2 + (-2 - -14) + 65 + -2).
-63
Calculate (-17 + 1 - ((-33 - 4) + 21)) + 10 + -1.
9
Evaluate (0 - 45 - (-1053 - -1048)) + 131.
91
Calculate (9 + (-77 - -19) - -16) + 98.
65
What is the value of -18 + -43 + (-14 - -1) - (-23 + 11 - -1)?
-63
36971 + -36971 - ((1 - 0) + -44)
43
What is the value of 1 - -1 - (17 - 5 - 12) - -4?
6
(795 + -784 - (8 + -1)) + (83 - -2) + -5
84
Evaluate (14 - (1 + -3)) + (35 - 36) + 1.
16
-21 + -15 + 27 + (-62 - (11 + -3 + -3))
-76
Calculate 22 - (-33 + -8 + (16 - -7)).
40
Evaluate 29 + 1 + (-5 - 22) + 19.
22
Evaluate 5 + (-80 - ((11 - (10 - 2)) + -15)) + 13.
-50
Evaluate 4 + 2 + -31 + 28 - -16 - -45.
64
What is 43 + 53 + -4 + -47?
45
Calculate 324 + -256 - (-13 - (4 - 9)).
76
What is (-11 - (100 - 1) - (4 + 0)) + (-36 - -37)?
-113
What is the va